d by x?
8
Let v be (-6)/(-15) + (-186)/15. Let b = v - -81. Suppose -5*l + 1 + b = 0. What is the remainder when l is divided by 4?
2
Suppose 14*a = 10*a + 5*n + 116, 3*n + 87 = 3*a. What is the remainder when 326 is divided by a?
7
Let c = -498 - -542. What is the remainder when 180 is divided by c?
4
Let s be (-1)/3*(1 - 22). Let b = 197 + -193. Suppose b*p - s = 9. What is the remainder when p is divided by 2?
0
Let z = 15 - 0. Suppose -8*p = -z - 17. Calculate the remainder when p is divided by 2.
0
Suppose -2*j - 2*t + 7*t - 46 = 0, -2*t = -4. Let o be -1 - -22*(-3)/6. Let q = o - j. What is the remainder when 21 is divided by q?
3
Let t(d) = -4*d + 2*d**2 - 1 + 3*d + 4*d. Calculate the remainder when t(4) is divided by (55/110)/((-2)/(-72)*2).
7
Let b(d) = 10*d - 155. Suppose -4*j - j + 2*s + 100 = 0, 0 = 2*j - 4*s - 56. Let m = -12 + j. What is the remainder when b(17) is divided by m?
3
Let h = 6 - -4. Suppose -h = 3*t - 8*t. Suppose 2*x + 5*c + 0 = 46, -t*x + 5*c = -26. Calculate the remainder when 53 is divided by x.
17
Let x = 1214 - 622. What is the remainder when x is divided by 17?
14
Let h = 109 - 104. Calculate the remainder when 109 is divided by (1 - -3) + h/((-5)/(-4)).
5
Let t = 77 + -74. Suppose t*d - 18 - 24 = 0. What is the remainder when d is divided by 3?
2
Calculate the remainder when 58 is divided by 46/((1 - -1)*1).
12
Suppose 4*n + 116 = -0*n. Let c = n + 56. What is the remainder when c is divided by 4/(-2) - 51/(-3)?
12
Let w = 8 - -10. Calculate the remainder when 24 - ((-16)/(-4) - 14) is divided by w.
16
Suppose -107 + 387 = -4*q. Let k = 96 + q. What is the remainder when 50 is divided by k?
24
Let y(q) = 12*q**3 + 4*q**3 - 17*q - 9*q**2 - 8 - 17*q**3. Calculate the remainder when 37 is divided by y(-7).
11
Let k(z) = -108*z - 753. Calculate the remainder when 105 is divided by k(-7).
0
Suppose u = -0*u + 47. Suppose -4*k = -0*k + 80. Let h = k + u. Calculate the remainder when h is divided by 7.
6
Suppose -5*t + g + 5 = 0, -2*g - 13 = 5*t - 3. Let n(w) = w**2 + 6. Calculate the remainder when 11 is divided by n(t).
5
Suppose 87*a - 77*a - 500 = 0. Calculate the remainder when 324 is divided by a.
24
Suppose h - 45 = -3*p + 5, -4*h = 16. What is the remainder when 1313 is divided by p?
17
Let k(a) = a**2 + 5*a - 1. Suppose -4*p + t = 177, -5*p - 28 - 193 = -t. Let n be (-11)/p*(-12)/(-1). What is the remainder when 67 is divided by k(n)?
21
Let l = 35 + -35. What is the remainder when 14 is divided by (4 + l)*(-99)/(-44)?
5
Let g be 31376/30 + -6 + 4/30. Suppose 15*m - g = 2*m. Calculate the remainder when m is divided by 21.
17
Suppose 0 = 310*x - 309*x - 317. Calculate the remainder when x is divided by 53.
52
Let f be (1/2)/((-2)/16). Let q(r) = 2*r + 5. Let y(t) = 3. Let m(s) = -6*q(s) + 11*y(s). Calculate the remainder when m(f) is divided by 13.
12
Let y = -828 + 1458. Suppose -255 - y = -5*v. What is the remainder when v is divided by 15?
12
Let q(t) = t**2 - 5*t - 6. Suppose -3*z - 3 = w - 24, 0 = w. Let f(y) = y**2 + 35*y + 327. Calculate the remainder when f(-17) is divided by q(z).
5
Let f = -491 + 619. Suppose 0 = 2*o - 2 - 24. What is the remainder when f is divided by o?
11
Let k(t) = -t**2 - 12*t + 22. Suppose 2*l = -3*x + 38, 2*x - 5*l - 47 = -2*l. Calculate the remainder when k(-10) is divided by x.
10
Suppose 7*c + 2 = 8*c. Calculate the remainder when (7 + -8)/(c/(-86)) is divided by 11.
10
Let x = 9 - 6. Suppose -2*d + 3*n = -d - 2, -2*n = -x*d + 34. Let v(u) = 14*u**2 + 3*u + 3. Calculate the remainder when v(-2) is divided by d.
11
Suppose 20*o - 30*o = -1570. Calculate the remainder when o is divided by 45.
22
Let m(c) = c**3 + 14*c**2 + 26*c - 3. Let g be m(-12). Calculate the remainder when 65 is divided by (-6)/g + 302/18.
14
Let g = -228 - -299. What is the remainder when g is divided by 13?
6
Suppose -2*l - f + 7 = l, 0 = -5*f - 25. Suppose 0 = 2*x - 8, l*o + o + 2*x - 138 = 0. What is the remainder when o is divided by 8?
2
Let y be 21/7*15*1. Let j = 71 - y. Suppose 0 = -g - 5 + 19. What is the remainder when j is divided by g?
12
Let u = 46 - 17. Suppose -3 = -23*j + 20*j. Let c(o) = 10*o**3 + 3*o**2 - 3*o + 1. What is the remainder when u is divided by c(j)?
7
Suppose 19*j + 1250 = 29*j. What is the remainder when j is divided by 44?
37
Suppose -3*c - 4*m + 16 = 0, 3*c + 2*m - 7 = 1. Suppose j + 198 = 5*j - 2*t, -4*j - 4*t + 168 = c. Let p = j - 32. What is the remainder when p is divided by 9?
6
Let m(j) = 8 - 6*j + j**2 + 3*j + 8 - 5. Let i(n) = -n**3 + 7*n**2 - 6*n + 2. What is the remainder when m(9) is divided by i(5)?
21
Suppose -63 = 4*h - q - 1293, -q + 1533 = 5*h. What is the remainder when h is divided by 77?
76
Suppose -5*z + 0 = 25, 0 = -q + 4*z + 44. What is the remainder when q is divided by 14?
10
Suppose 5*j - 3*v = 33, -5*v = -j + 3*j - 7. Calculate the remainder when 9 is divided by j.
3
Let g(t) = -t**3 + 7*t**2 + 9*t + 13. Calculate the remainder when g(8) is divided by 17.
4
Suppose 0 = t - 6*t. Suppose t = m + 4*m - 30. Calculate the remainder when m/8 - (-153)/4 is divided by 20.
19
Suppose -3*d = 16 - 13, 4*d = -3*o + 1127. Calculate the remainder when o is divided by 95.
92
Suppose 0 = -l + 9 + 11. Let r(d) = d**2 + 3*d - 4. Let c be r(-3). Let w = c + 15. What is the remainder when l is divided by w?
9
Let d(a) = -32*a + 101. Let p = -121 + 195. Calculate the remainder when p is divided by d(3).
4
Suppose -2*r + 5 = 2*v - 9, 0 = -2*v - 4*r + 24. Suppose -531 = 11*q - 608. Calculate the remainder when q is divided by v.
1
Let o(n) = n + 6. Let l be o(-2). Suppose t = l*i + i + 16, -3*t = 5*i + 32. Calculate the remainder when (-2)/t - 18/(-4) is divided by 3.
2
Suppose 0 = -17*c + 192 + 505. What is the remainder when 170 is divided by c?
6
Suppose -5*r + 59*s - 61*s = -1048, 0 = 5*r + 3*s - 1047. Calculate the remainder when r is divided by 12.
6
Let f(o) = 5*o**3 - 19*o**2 + 17*o - 5. Calculate the remainder when f(7) is divided by 20.
18
Suppose 10*g - 40 = 120. Suppose -46 = -k - 16. What is the remainder when k is divided by g?
14
Suppose 5*o + 2 = 2*n, -2*o - 16 = -4*n + 4. Let m = 8 - -7. Suppose -m = c - n*c. Calculate the remainder when 11 is divided by c.
2
Suppose 3*f = 82*f - 5688. Calculate the remainder when 141 is divided by f.
69
Let n(f) = 18*f**2 - 43*f - 12. Calculate the remainder when 83 is divided by n(3).
20
Suppose 70*d - 450 = 60*d. Calculate the remainder when 538 is divided by d.
43
What is the remainder when ((-1)/(-4))/(35/101780) is divided by 52?
51
Suppose 4*j = -3*f + 313, -5*f + 210 = -3*f + 3*j. Let t be 5/(1464/744 + 1 + -3). Let q = t + 175. Calculate the remainder when f is divided by q.
19
What is the remainder when (0 + -1)/((-14)/2982) is divided by (7 + 2)/(-12*4/(-128))?
21
Let a be 2 + 2 + (-354)/(-3). Let o = -49 + a. Suppose 0 = 4*z + 2*n + 2 - 76, -2*z + 2*n + 40 = 0. Calculate the remainder when o is divided by z.
16
Let u = -1417 + 1428. What is the remainder when 745 is divided by u?
8
Let q = 49 - -70. What is the remainder when q is divided by 11?
9
Let p = 24 - 33. Let v be ((-24)/54)/(2/p). Suppose -6*f + 108 = -v*f. Calculate the remainder when f is divided by 7.
6
Let r = 4 - 5. Let d = 5 - r. Let j = -826 - -828. What is the remainder when d is divided by j?
0
Suppose -r - 19 = -m, 3*m - 8 = -2*r + 34. Let k be 3*(-2 + 0)*-47. What is the remainder when (-2)/(-3)*k/4 is divided by m?
15
Suppose -3*c + 143 = b, -3*c + 0*c + b + 133 = 0. Let a = 70 - c. What is the remainder when a is divided by 13?
11
Suppose 651*w + 6 = 652*w. What is the remainder when 173 is divided by w?
5
Let z = 27 + -4. Suppose -4*x - 4*f + 12 = 0, 0 = -x - f - f + 1. What is the remainder when z is divided by x?
3
Let c(x) = -x**2 + 11*x - 5. Let f be c(10). Let z(u) = 3*u**2 - 11*u + 3. Calculate the remainder when 91 is divided by z(f).
22
Let l(v) = v + 24. Calculate the remainder when 136 is divided by l(-9).
1
Let d(i) = 23*i**3 + 4*i + 3. Let m be d(-1). Let p = m - -36. Calculate the remainder when 34 is divided by p.
10
Let w be (4/10)/((-1)/(-20)). Suppose 2*c - c = w. What is the remainder when 14 is divided by c?
6
Suppose a - 13 = 2*f, 2*a + 6*f - 3*f + 9 = 0. Let q = -12 - 2. Let y = -5 - q. Calculate the 